{"id":143,"date":"2019-01-24T05:50:09","date_gmt":"2019-01-24T05:50:09","guid":{"rendered":"https:\/\/stadia.g4adev.net\/www\/?page_id=143"},"modified":"2026-01-27T14:59:12","modified_gmt":"2026-01-27T20:59:12","slug":"contacto","status":"publish","type":"page","link":"https:\/\/stadiasuites.com\/mexicocity\/contacto\/","title":{"rendered":"Ubicaci\u00f3n &#038; Contacto"},"content":{"rendered":"\n<h2 class=\"wp-block-heading\"><\/h2>\n\n\n\n\n\n<p><\/p>\n\n\n\n<p class=\"has-medium-font-size\"><strong><a href=\"https:\/\/stadiasuites.com\/mexicocity\/factura\">FACTURAR AQU\u00cd<\/a> <\/strong><\/p>\n\n\n\n<p>A su salida recibir\u00e1 su ticket, el cual es necesario para la autofactura. En caso de no contar con el, contactarnos al  +5255 5004 2016 o v\u00eda correo a recepcion@stadiasuites.com<\/p>\n\n\n\n<p><\/p>\n\n\n\n<p><\/p>\n\n\n\n<p>Contamos con doble acceso al edificio. La entrada principal al hotel es sobre Juan Salvador Agraz, en caso de requerir estacionamiento puede acceder directamente por calle Mario Pani (Acceso marcado como E1 para hu\u00e9spedes y E2 para invitados a eventos). Ver <strong><a href=\"https:\/\/goo.gl\/maps\/X9qBzz3pP9SbgCFz9\" target=\"_blank\" rel=\"noreferrer noopener\">MAPA AQU\u00cd<\/a><\/strong><\/p>\n","protected":false},"excerpt":{"rendered":"<p>FACTURAR AQU\u00cd A su salida recibir\u00e1 su ticket, el cual es necesario para la autofactura. En caso de no contar con el, contactarnos al +5255 5004 2016 o v\u00eda correo a recepcion@stadiasuites.com Contamos con doble acceso al edificio. La entrada principal al hotel es sobre Juan Salvador Agraz, en caso de requerir estacionamiento puede acceder [&hellip;]<\/p>\n","protected":false},"author":1,"featured_media":0,"parent":0,"menu_order":0,"comment_status":"closed","ping_status":"closed","template":"template-contact.php","meta":{"footnotes":""},"class_list":["post-143","page","type-page","status-publish","hentry"],"yoast_head":"<!-- This site is optimized with the Yoast SEO plugin v26.8 - https:\/\/yoast.com\/product\/yoast-seo-wordpress\/ -->\n<title>Ubicaci\u00f3n &amp; Contacto - Hotel Stadia Suites Mexico City Santa Fe<\/title>\n<meta name=\"description\" content=\"Cont\u00e1ctenos para conocer m\u00e1s sobre Stad\u00eda Suites, estamos a sus \u00f3rdenes por nuestros diferentes canales.\" \/>\n<meta name=\"robots\" content=\"index, follow, max-snippet:-1, max-image-preview:large, max-video-preview:-1\" \/>\n<link rel=\"canonical\" href=\"https:\/\/stadiasuites.com\/mexicocity\/contacto\/\" \/>\n<meta property=\"og:locale\" content=\"es_ES\" \/>\n<meta property=\"og:type\" content=\"article\" \/>\n<meta property=\"og:title\" content=\"Ubicaci\u00f3n &amp; Contacto - Hotel Stadia Suites Mexico City Santa Fe\" \/>\n<meta property=\"og:description\" content=\"Cont\u00e1ctenos para conocer m\u00e1s sobre Stad\u00eda Suites, estamos a sus \u00f3rdenes por nuestros diferentes canales.\" \/>\n<meta property=\"og:url\" content=\"https:\/\/stadiasuites.com\/mexicocity\/contacto\/\" \/>\n<meta property=\"og:site_name\" content=\"Hotel Stadia Suites Mexico City Santa Fe\" \/>\n<meta property=\"article:modified_time\" content=\"2026-01-27T20:59:12+00:00\" \/>\n<meta name=\"twitter:card\" content=\"summary_large_image\" \/>\n<meta name=\"twitter:label1\" content=\"Tiempo de lectura\" \/>\n\t<meta name=\"twitter:data1\" content=\"1 minuto\" \/>\n<script type=\"application\/ld+json\" class=\"yoast-schema-graph\">{\"@context\":\"https:\/\/schema.org\",\"@graph\":[{\"@type\":\"WebPage\",\"@id\":\"https:\/\/stadiasuites.com\/mexicocity\/contacto\/\",\"url\":\"https:\/\/stadiasuites.com\/mexicocity\/contacto\/\",\"name\":\"Ubicaci\u00f3n & Contacto - Hotel Stadia Suites Mexico City Santa Fe\",\"isPartOf\":{\"@id\":\"https:\/\/stadiasuites.com\/mexicocity\/#website\"},\"datePublished\":\"2019-01-24T05:50:09+00:00\",\"dateModified\":\"2026-01-27T20:59:12+00:00\",\"description\":\"Cont\u00e1ctenos para conocer m\u00e1s sobre Stad\u00eda Suites, estamos a sus \u00f3rdenes por nuestros diferentes canales.\",\"breadcrumb\":{\"@id\":\"https:\/\/stadiasuites.com\/mexicocity\/contacto\/#breadcrumb\"},\"inLanguage\":\"es\",\"potentialAction\":[{\"@type\":\"ReadAction\",\"target\":[\"https:\/\/stadiasuites.com\/mexicocity\/contacto\/\"]}]},{\"@type\":\"BreadcrumbList\",\"@id\":\"https:\/\/stadiasuites.com\/mexicocity\/contacto\/#breadcrumb\",\"itemListElement\":[{\"@type\":\"ListItem\",\"position\":1,\"name\":\"Home\",\"item\":\"https:\/\/stadiasuites.com\/mexicocity\/\"},{\"@type\":\"ListItem\",\"position\":2,\"name\":\"Ubicaci\u00f3n &#038; Contacto\"}]},{\"@type\":\"WebSite\",\"@id\":\"https:\/\/stadiasuites.com\/mexicocity\/#website\",\"url\":\"https:\/\/stadiasuites.com\/mexicocity\/\",\"name\":\"Hotel Stadia Suites Mexico City Santa Fe\",\"description\":\"Rooms equipped apartment type\",\"potentialAction\":[{\"@type\":\"SearchAction\",\"target\":{\"@type\":\"EntryPoint\",\"urlTemplate\":\"https:\/\/stadiasuites.com\/mexicocity\/?s={search_term_string}\"},\"query-input\":{\"@type\":\"PropertyValueSpecification\",\"valueRequired\":true,\"valueName\":\"search_term_string\"}}],\"inLanguage\":\"es\"}]}<\/script>\n<!-- \/ Yoast SEO plugin. -->","yoast_head_json":{"title":"Ubicaci\u00f3n & Contacto - Hotel Stadia Suites Mexico City Santa Fe","description":"Cont\u00e1ctenos para conocer m\u00e1s sobre Stad\u00eda Suites, estamos a sus \u00f3rdenes por nuestros diferentes canales.","robots":{"index":"index","follow":"follow","max-snippet":"max-snippet:-1","max-image-preview":"max-image-preview:large","max-video-preview":"max-video-preview:-1"},"canonical":"https:\/\/stadiasuites.com\/mexicocity\/contacto\/","og_locale":"es_ES","og_type":"article","og_title":"Ubicaci\u00f3n & Contacto - Hotel Stadia Suites Mexico City Santa Fe","og_description":"Cont\u00e1ctenos para conocer m\u00e1s sobre Stad\u00eda Suites, estamos a sus \u00f3rdenes por nuestros diferentes canales.","og_url":"https:\/\/stadiasuites.com\/mexicocity\/contacto\/","og_site_name":"Hotel Stadia Suites Mexico City Santa Fe","article_modified_time":"2026-01-27T20:59:12+00:00","twitter_card":"summary_large_image","twitter_misc":{"Tiempo de lectura":"1 minuto"},"schema":{"@context":"https:\/\/schema.org","@graph":[{"@type":"WebPage","@id":"https:\/\/stadiasuites.com\/mexicocity\/contacto\/","url":"https:\/\/stadiasuites.com\/mexicocity\/contacto\/","name":"Ubicaci\u00f3n & Contacto - Hotel Stadia Suites Mexico City Santa Fe","isPartOf":{"@id":"https:\/\/stadiasuites.com\/mexicocity\/#website"},"datePublished":"2019-01-24T05:50:09+00:00","dateModified":"2026-01-27T20:59:12+00:00","description":"Cont\u00e1ctenos para conocer m\u00e1s sobre Stad\u00eda Suites, estamos a sus \u00f3rdenes por nuestros diferentes canales.","breadcrumb":{"@id":"https:\/\/stadiasuites.com\/mexicocity\/contacto\/#breadcrumb"},"inLanguage":"es","potentialAction":[{"@type":"ReadAction","target":["https:\/\/stadiasuites.com\/mexicocity\/contacto\/"]}]},{"@type":"BreadcrumbList","@id":"https:\/\/stadiasuites.com\/mexicocity\/contacto\/#breadcrumb","itemListElement":[{"@type":"ListItem","position":1,"name":"Home","item":"https:\/\/stadiasuites.com\/mexicocity\/"},{"@type":"ListItem","position":2,"name":"Ubicaci\u00f3n &#038; Contacto"}]},{"@type":"WebSite","@id":"https:\/\/stadiasuites.com\/mexicocity\/#website","url":"https:\/\/stadiasuites.com\/mexicocity\/","name":"Hotel Stadia Suites Mexico City Santa Fe","description":"Rooms equipped apartment type","potentialAction":[{"@type":"SearchAction","target":{"@type":"EntryPoint","urlTemplate":"https:\/\/stadiasuites.com\/mexicocity\/?s={search_term_string}"},"query-input":{"@type":"PropertyValueSpecification","valueRequired":true,"valueName":"search_term_string"}}],"inLanguage":"es"}]}},"_links":{"self":[{"href":"https:\/\/stadiasuites.com\/mexicocity\/wp-json\/wp\/v2\/pages\/143","targetHints":{"allow":["GET"]}}],"collection":[{"href":"https:\/\/stadiasuites.com\/mexicocity\/wp-json\/wp\/v2\/pages"}],"about":[{"href":"https:\/\/stadiasuites.com\/mexicocity\/wp-json\/wp\/v2\/types\/page"}],"author":[{"embeddable":true,"href":"https:\/\/stadiasuites.com\/mexicocity\/wp-json\/wp\/v2\/users\/1"}],"replies":[{"embeddable":true,"href":"https:\/\/stadiasuites.com\/mexicocity\/wp-json\/wp\/v2\/comments?post=143"}],"version-history":[{"count":19,"href":"https:\/\/stadiasuites.com\/mexicocity\/wp-json\/wp\/v2\/pages\/143\/revisions"}],"predecessor-version":[{"id":1507,"href":"https:\/\/stadiasuites.com\/mexicocity\/wp-json\/wp\/v2\/pages\/143\/revisions\/1507"}],"wp:attachment":[{"href":"https:\/\/stadiasuites.com\/mexicocity\/wp-json\/wp\/v2\/media?parent=143"}],"curies":[{"name":"wp","href":"https:\/\/api.w.org\/{rel}","templated":true}]}}